q - 2, q = -2. Suppose m*c - 3*a - 48 = 0, 2*a = -4*c + 16 + 66. Is c a composite number?
False
Let z be (8 - 14)/((-4)/14). Suppose -95 = -2*l - z. Is l a composite number?
False
Let w(o) = -17*o**3 + o**2 - o - 1. Let p(z) = z**2 - 7*z - 1. Let m be p(7). Let b be w(m). Suppose 3*d - d = -g + 9, 5*g + b = -d. Is d a composite number?
False
Let i = 5 + -13. Let d(a) be the second derivative of -a**3/2 + 7*a**2/2 + a. Is d(i) a composite number?
False
Suppose -2*w = -5 + 1. Is (154/(-21))/(w/(-9)) composite?
True
Is 620/4 + 4/((-3)/(-3)) a composite number?
True
Let s = 268 + 1513. Is s a prime number?
False
Let g be 10*(2 + 12/(-8)). Suppose g*m - 262 = 3*m. Is m a composite number?
False
Suppose -271 = -3*w + 662. Is w a prime number?
True
Suppose 0*r + 95 = 5*r. Is r prime?
True
Suppose -3*u - 4*w = w - 43, u + w - 17 = 0. Suppose -78 = -h - u. Is h composite?
True
Suppose 5*p = 2*g + 4, 2 = 4*g - 5*p - 0. Is (37/g + -2)*3 prime?
True
Let w(v) = -12*v - 1. Let m be w(-9). Suppose -238 = -4*z - x, -m - 198 = -5*z - 5*x. Is z a composite number?
False
Let b = 65 + -92. Let f = 106 + b. Suppose m + 0*m - 92 = -5*g, -4*g + f = -m. Is g a composite number?
False
Let f = -38 + 107. Is f a prime number?
False
Suppose 0 = -h + 5 - 3. Suppose -2*z + z = -2*c + 40, 0 = 3*c + h*z - 53. Is c prime?
True
Let c be (1 + -19)*1/(-2). Let h(x) = x**2 + x - 3. Is h(c) composite?
True
Let x = -42 - -541. Is x composite?
False
Suppose -4*a + 4*g = -9328, 0 = -a - a + 4*g + 4670. Is a prime?
False
Suppose 2*y + 2 = 3*y - z, 4*y + 5*z = 17. Suppose b = -y + 5. Suppose 50 - 6 = b*i. Is i a composite number?
True
Let k = 3 - 1. Suppose 0 = k*y - 0*y. Suppose 0 = 4*x + 4*u - 2*u - 484, y = 2*x - 4*u - 222. Is x composite?
True
Let j(c) = 4*c**2 + 3. Let d be j(3). Suppose d = v - 0. Is v a prime number?
False
Let o(m) be the first derivative of 67*m**3/3 + 3*m**2/2 - 5*m + 4. Is o(2) a composite number?
False
Suppose -2 = -y, -3*u = -6*u + 2*y + 107. Is u composite?
False
Is 311 - -1*16/(-4) composite?
False
Suppose -3*x + 2 + 10 = 0. Let n(g) = x*g**2 + 6*g + 6*g - 2*g + 1. Is n(-7) a composite number?
False
Let c be 15*1/(9/(-6)). Suppose 500 = 2*k + 2*a, 5*k + 2*a - 864 - 398 = 0. Is (-15)/c*k/3 a prime number?
True
Suppose 5*j + 0*j + 5 = 0. Is (-1)/(j + (-444)/(-446)) a composite number?
False
Let u be (-111)/(-2)*8/3. Suppose 4*p + u = 4*o, -5*o - 73 + 254 = -4*p. Is o a composite number?
True
Let m be (0/(-3) - 0)/1. Suppose m = 5*u - 9*u + 12. Is 1/((-134)/(-44) - u) a composite number?
True
Let y be 5/((-15)/6) - 14. Let g = 7 - y. Is g a prime number?
True
Let k(r) = r**2 + 4. Is k(9) a composite number?
True
Let k = 48 - -14. Is k a composite number?
True
Suppose 4*y + 15*y = 9101. Is y a prime number?
True
Suppose 2*m - 543 - 932 = 3*j, 0 = 2*j + 6. Let w = 144 + m. Is w a composite number?
False
Suppose -7277 = -11*t + 2700. Is t a composite number?
False
Suppose z + 1905 = 3*i - z, 5*i = 2*z + 3175. Suppose -3*r - i = -8*r. Is r a prime number?
True
Let l be (33/4)/((-3)/8). Is 2/(-11) - 1698/l a prime number?
False
Suppose 3*w - 3 = 3. Suppose 4*r = -3*c + 225, -4*c + c = -w*r - 243. Is c composite?
False
Suppose 20*o - 19*o - 323 = 0. Is o a composite number?
True
Suppose 2*g + 2*g - 3*z - 400 = 0, -g + 3*z = -109. Is g composite?
False
Suppose 0 = -2*g + 76 + 58. Is g prime?
True
Suppose -9*a = a - 1430. Is a composite?
True
Let k(o) = -o + 1. Let s(f) be the third derivative of -f**5/60 + 7*f**4/12 - 13*f**3/6 + 3*f**2. Let y(w) = 5*k(w) + s(w). Is y(7) prime?
False
Is (3/(-6))/(-1)*142 a composite number?
False
Is (-1 - 88)/(2 - 3) prime?
True
Let x = -661 + 1080. Is x prime?
True
Let k = 425 - 264. Is k composite?
True
Is (-1739)/(-2) - -3*(-3)/18 composite?
True
Let y be (-1)/(-1) + 0 - -1. Suppose y*l = -2*l + 848. Suppose -2*v + 510 = l. Is v a composite number?
False
Let u be 721 + 1 + -3 - 0. Let w = u + -356. Suppose 5*c - w = 2*c. Is c a prime number?
False
Suppose -5*f + 4*j + 3595 = 0, -3*j = -3*f - f + 2876. Is f composite?
False
Suppose -2*x + 12 + 2 = 0. Let a(m) = m - 4. Let n be a(x). Suppose -n*i = 2*i - 10. Is i a composite number?
False
Let w = 302 + 117. Is w a composite number?
False
Let a(h) = 60 - 24 + 31 - 5*h + 2*h. Is a(0) a composite number?
False
Let g = -1 - -1. Let p(r) = r**3 - r**2 + r + 93. Is p(g) a composite number?
True
Suppose 0 = -3*j + 4*p + 3173, 2*j + 7*p - 2104 = 4*p. Is j prime?
False
Suppose -3*l + 4*l - 5*m = 384, 5*l = 2*m + 1966. Is l composite?
True
Let s(z) = -z**3 - z**2 - z - 71. Suppose -b - 6*h - 6 = -3*h, -2*h - 4 = -5*b. Let f be s(b). Let n = f + 150. Is n a composite number?
False
Let b(o) = -o + 11. Suppose -u = 2*z - 1, 4*u + 5*z + 1 - 11 = 0. Let w be b(u). Is (-20)/w*(-45)/6 composite?
True
Is (4 - 99734/(-18)) + (-4)/(-18) a prime number?
False
Suppose 4*y + 5*n = 3083, 0*y + n = -2*y + 1549. Let j = y - 82. Is j a composite number?
True
Suppose 2*w - 117 = -371. Let j = w - -290. Is j a composite number?
False
Let t = 330 + -145. Let g = t + 6. Is g a prime number?
True
Let p(c) = 32*c + 1. Let g be (2 - -1) + 0 + -1. Is p(g) a prime number?
False
Let l = -13 - -28. Let o = 40 + l. Is o prime?
False
Suppose 2*y + 13 = 27. Is y prime?
True
Suppose -d + 6*d - 25 = 0. Suppose -5*i - 30 = 2*h, -d*h = -0*i - 3*i + 13. Let r(g) = -g**3 - g**2 - g + 3. Is r(i) prime?
False
Let k(l) = l**3 + 3*l**2 + 3*l - 3. Let i be (-5)/(-2)*(-12)/(-15). Suppose 9 = 2*b + t - 2*t, -b + 2 = i*t. Is k(b) a composite number?
True
Is ((-4 - -1) + 4)*119 composite?
True
Let d be 32/(-8)*(-2 + 1). Suppose 2*u = -z - 2, 0 = 4*z - 3*u - 18 + d. Suppose 0*s - 418 = -2*s - 4*b, -2*b + 420 = z*s. Is s a prime number?
True
Let o be 130/35 - (-2)/7. Is (-14)/o*(-42)/3 composite?
True
Suppose 0 = -2*d + 5*d - 15. Suppose -8 = -d*w - 2*x - 33, -1 = 2*w - x. Is 15/10*(1 - w) a prime number?
False
Let o(q) be the second derivative of 1/12*q**4 + 1/2*q**2 + 3*q + 0*q**3 + 0. Is o(-6) composite?
False
Let j(c) be the first derivative of c**4/4 + 8*c**3/3 + 3*c**2/2 - 7*c - 3. Is j(-6) a prime number?
True
Suppose 0*d + 2 = d. Suppose d*s = s + 81. Suppose 205 = 2*t - s. Is t composite?
True
Is (-1)/(-4)*4*5*23 a composite number?
True
Let n = 133 - 237. Let j = -42 - n. Suppose j = w + w. Is w a composite number?
False
Suppose 2*j + 2*j - 36 = 0. Let g(y) = y**3 - 2. Let w be g(3). Let x = w + j. Is x a prime number?
False
Let c(t) = -t + 4. Let d be c(6). Let q be ((-3)/d)/((-12)/16). Is (q/2 - 0) + 128 composite?
False
Let p = -434 + 615. Let c = -102 + p. Is c prime?
True
Let x(a) = -a**3 - 10*a**2 - 8*a - 13. Let p be x(-10). Suppose g - p = -0*g + m, 57 = g + 4*m. Is g composite?
True
Let d be (228/(-18))/((-4)/(-18)). Let v = d - -85. Let x = 47 - v. Is x a prime number?
True
Suppose 6*u + 355 = u. Let g = 35 - u. Is g a composite number?
True
Suppose 3*g + 0 + 9 = 0. Is (-12)/36 - 232/g a prime number?
False
Suppose 5*n + t - 17 = 0, -t = 4*n - 6*t - 2. Let r(s) = s**3 - 2*s. Let x be r(2). Suppose n*i - 51 = -x*f, 0*f - f + 60 = 3*i. Is i prime?
False
Suppose 0 = -x - 0*x - 3*f - 17, 3*f - 15 = 3*x. Suppose g + 0*g = -11. Let t = x - g. Is t a composite number?
False
Let s = -50 - -177. Is s a composite number?
False
Let j(p) = p**3 + 4*p**2 - 2*p - 4. Let b be j(-4). Suppose 0 = 5*k + 6 + b, -5*l + 4*k + 73 = 0. Is l composite?
False
Suppose 2164 = 20*j - 18*j. Is j a prime number?
False
Suppose -g + 1085 = 4*g. Suppose -4*l + g = -115. Is l composite?
False
Let h = -3 + -3. Let a be (-988)/h + (-4)/(-12). Suppose 6*l - 3*l = a. Is l prime?
False
Suppose -2*j = -8, 0 = -3*f - 0*j + 5*j - 323. Let y = f + 220. Is y composite?
True
Is -5 - (-1083 + -5) - -4 a composite number?
False
Let w(g) = -g**2 + 8*g - 5. Let o be w(7). Suppose 4*j - o*r = 750, 3*j - r = -0*r + 562. Is j composite?
True
Suppose y - 8 = 2*t - 0*t, 2 = -3*t + 4*y. Let d(v) be the second derivative of v**5/20 + 5*v**4/6 + 4*v**3/3 - 5*v**2/2 + v. Is d(t) composite?
True
Suppose 5*m + 2*c = -416 + 1361, 5*c - 586 = -3*m. Is m prime?
False
Let r(g) = 153*g + 14. Is r(5) a composite number?
True
Is 771/(-3 + 0)*-3 a composite number?
True
Suppose -t + 2 = 1. Is 15 + (1 - 1 - t) prime?
False
Let n be ((-12)/10)/((-2)/(-5)). Let q be (-3 - (n - -2)) 